hen 11270 is divided by 799.
84
What is the remainder when 34080 is divided by 415?
50
What is the remainder when 682 is divided by 681?
1
What is the remainder when 66056 is divided by 2359?
4
What is the remainder when 206263 is divided by 396?
343
What is the remainder when 101542 is divided by 63?
49
What is the remainder when 691 is divided by 160?
51
Calculate the remainder when 128623 is divided by 28.
19
Calculate the remainder when 48849 is divided by 50.
49
What is the remainder when 16437 is divided by 299?
291
What is the remainder when 2579 is divided by 628?
67
Calculate the remainder when 4673 is divided by 24.
17
What is the remainder when 2025 is divided by 552?
369
What is the remainder when 154305 is divided by 749?
11
Calculate the remainder when 2215 is divided by 325.
265
Calculate the remainder when 20696 is divided by 6894.
14
Calculate the remainder when 64769 is divided by 96.
65
Calculate the remainder when 4582 is divided by 112.
102
What is the remainder when 6366 is divided by 406?
276
What is the remainder when 8393 is divided by 2098?
1
What is the remainder when 339 is divided by 21?
3
Calculate the remainder when 3041 is divided by 693.
269
What is the remainder when 28612 is divided by 5?
2
What is the remainder when 33466 is divided by 338?
4
Calculate the remainder when 15331 is divided by 414.
13
Calculate the remainder when 232789 is divided by 232785.
4
Calculate the remainder when 4048 is divided by 453.
424
Calculate the remainder when 1171 is divided by 67.
32
What is the remainder when 9795 is divided by 45?
30
What is the remainder when 6546 is divided by 6?
0
Calculate the remainder when 51068 is divided by 521.
10
What is the remainder when 15057 is divided by 53?
5
What is the remainder when 424115 is divided by 198?
197
What is the remainder when 62389 is divided by 5195?
49
What is the remainder when 1324206 is divided by 677?
671
Calculate the remainder when 7046 is divided by 282.
278
Calculate the remainder when 43148 is divided by 29.
25
What is the remainder when 17818 is divided by 66?
64
What is the remainder when 3308 is divided by 1635?
38
Calculate the remainder when 167092 is divided by 9828.
16
Calculate the remainder when 142895 is divided by 156.
155
What is the remainder when 4408 is divided by 277?
253
What is the remainder when 18900 is divided by 104?
76
What is the remainder when 727 is divided by 640?
87
What is the remainder when 15345 is divided by 5111?
12
Calculate the remainder when 3729 is divided by 62.
9
What is the remainder when 2223165 is divided by 192?
189
Calculate the remainder when 37365 is divided by 249.
15
What is the remainder when 3923 is divided by 400?
323
What is the remainder when 1478 is divided by 186?
176
Calculate the remainder when 20419 is divided by 1361.
4
Calculate the remainder when 17489 is divided by 375.
239
What is the remainder when 3721 is divided by 51?
49
Calculate the remainder when 26024 is divided by 482.
478
Calculate the remainder when 1937 is divided by 478.
25
What is the remainder when 4813 is divided by 480?
13
What is the remainder when 2363 is divided by 13?
10
Calculate the remainder when 2350 is divided by 1153.
44
What is the remainder when 921 is divided by 15?
6
Calculate the remainder when 177040 is divided by 3688.
16
Calculate the remainder when 21572 is divided by 5375.
72
Calculate the remainder when 1674 is divided by 749.
176
What is the remainder when 125866 is divided by 62?
6
Calculate the remainder when 93554 is divided by 298.
280
What is the remainder when 22477 is divided by 137?
9
Calculate the remainder when 69140 is divided by 43.
39
Calculate the remainder when 15815 is divided by 28.
23
Calculate the remainder when 763 is divided by 153.
151
Calculate the remainder when 4210 is divided by 332.
226
What is the remainder when 30189 is divided by 617?
573
Calculate the remainder when 830 is divided by 814.
16
What is the remainder when 35811 is divided by 173?
0
What is the remainder when 93314 is divided by 272?
18
Calculate the remainder when 272107 is divided by 90649.
160
What is the remainder when 7188 is divided by 8?
4
Calculate the remainder when 366374 is divided by 38.
16
Calculate the remainder when 2766 is divided by 776.
438
Calculate the remainder when 22724 is divided by 11.
9
What is the remainder when 637 is divided by 55?
32
What is the remainder when 1213035 is divided by 68?
51
What is the remainder when 23050 is divided by 17?
15
What is the remainder when 218855 is divided by 42?
35
Calculate the remainder when 8014 is divided by 236.
226
What is the remainder when 1304 is divided by 321?
20
Calculate the remainder when 12371 is divided by 56.
51
Calculate the remainder when 787355 is divided by 304.
299
What is the remainder when 85090 is divided by 1234?
1178
Calculate the remainder when 17904 is divided by 8901.
102
Calculate the remainder when 4508 is divided by 84.
56
Calculate the remainder when 208120 is divided by 1084.
1076
What is the remainder when 6342 is divided by 93?
18
Calculate the remainder when 410403 is divided by 91.
84
Calculate the remainder when 10784 is divided by 12.
8
Calculate the remainder when 112857 is divided by 4179.
24
What is the remainder when 109364 is divided by 1367?
4
Calculate the remainder when 647 is divided by 306.
35
Calculate the remainder when 5244 is divided by 155.
129
What is the remainder when 6993 is divided by 2987?
1019
What is the remainder when 5586 is divided by 55?
31
What is the remainder when 2667501 is divided by 12?
9
What is the remainder when 219998 is divided by 257?
6
Calculate the remainder when 381 is divided by 19.
1
What is the remainder when 2264 is divided by 1099?
66
What is the remainder when 433 is divided by 99?
37
What is the remainder when 2611 is divided by 1155?
301
What is the remainder when 8375 is divided by 39?
29
Calculate the remainder when 12075 is divided by 3010.
35
What is the remainder when 1085669 is divided by 1578?
5
What is the remainder when 3472 is divided by 1137?
61
What is the remainder when 492718 is divided by 14?
2
What is the remainder when 690104 is divided by 89?
87
Calculate the remainder when 9992 is divided by 3265.
197
What is the remainder when 79879 is divided by 150?
79
Calculate the remainder when 1122824 is divided by 235.
229
Calculate the remainder when 43480 is divided by 1312.
184
Calculate the remainder when 12306 is divided by 689.
593
What is the remainder when 61322 is divided by 153?
122
Calculate the remainder when 935789 is divided by 143.
140
Calculate the remainder when 218660 is divided by 21865.
10
Calculate the remainder when 71062 is divided by 23671.
49
Calculate the remainder when 217740 is divided by 16749.
3
Calculate the remainder when 381548 is divided by 3127.
54
What is the remainder when 3348 is divided by 1035?
243
Calculate the remainder when 1138 is divided by 907.
231
What is the remainder when 1000197 is divided by 24?
21
Calculate the remainder when 6525 is divided by 264.
189
Calculate the remainder when 8002 is divided by 10.
2
What is the remainder when 5307 is divided by 46?
17
Calculate the remainder when 10738 is divided by 1137.
505
What is the remainder when 187595 is divided by 62528?
11
Calculate the remainder when 1032 is divided by 510.
12
Calculate the remainder when 144285 is divided by 143.
141
Calculate the remainder when 188099 is divided by 836.
835
Calculate the remainder when 11863616 is divided by 151.
150
Calculate the remainder when 28168 is divided by 644.
476
What is the remainder when 132346 is divided by 43?
35
What is the remainder when 6930 is divided by 8?
2
Calculate the remainder when 410 is divided by 377.
33
Calculate the remainder when 97330 is divided by 149.
33
What is the remainder when 1451 is divided by 392?
275
What is the remainder when 2477 is divided by 1018?
441
Calculate the remainder when 266861 is divided by 88919.
104
Calculate the remainder when 6478 is divided by 2102.
172
What is the remainder when 530382 is divided by 508?
30
What is the remainder when 12125 is divided by 1346?
11
Calculate the remainder when 8493 is divided by 118.
115
What is the remainder when 3930 is divided